-2)/(-2). Suppose -75 = -z*k - p*a, 3*a - 12 - 18 = -2*k. What are the prime factors of k?
3, 5
Let p = 3332 + -2525. List the prime factors of p.
3, 269
Suppose -10*c + 9*c + 100 = 0. Let o = c - -393. List the prime factors of o.
17, 29
Suppose -15 + 65 = 5*z. Suppose 0*u = 2*u + z, -5*n - 4*u + 1080 = 0. Suppose 3*p + 7*p - n = 0. List the prime factors of p.
2, 11
Let i(x) = 162*x**2 + 28*x - 151. What are the prime factors of i(5)?
7, 577
Let w be (0 - 1) + (7 - 2). Let x be 22 + -12 - 4 - 2. Suppose 148 = x*z - w*f, -f = f. What are the prime factors of z?
37
Let c(j) = -2*j**2 + 11*j - 12*j + 0 + 0 - j**3. Let s be c(-1). Suppose 5*x - 2*r - 328 = s, -2*x = -4*x + 5*r + 127. What are the prime factors of x?
2, 3, 11
Let q(y) = 18*y**2 + 5*y - 2*y + y - 6 - 3*y + y**3. Let p be q(-18). What are the prime factors of (p/16)/((-107)/(-108) + -1)?
2, 3
Suppose -2*p - 6*p - 12328 = 0. Let n = p - -2745. List the prime factors of n.
2, 7, 43
Let d be (9 - 0) + -7 + 4. Suppose -g = -34 + d. What are the prime factors of g?
2, 7
Suppose -53*c + 338052 + 376123 = 0. List the prime factors of c.
5, 7, 11
Suppose -22150 + 5554 = -2*v - 5*f, -v + 8316 = -2*f. What are the prime factors of v?
2, 31, 67
Let i(m) = -m + 19. Let l be i(19). Suppose -20*f + 19*f - 57 = l. Let g = 136 + f. List the prime factors of g.
79
Suppose 0 = 265*b - 261*b - 24. Suppose 4*v - 4*z - 3176 = 0, -5*v + z = b*z - 4020. What are the prime factors of v?
17, 47
Let f = -265 - -1476. What are the prime factors of f?
7, 173
Let h(x) = -6*x - 98. Let r be h(-13). Let c(j) be the first derivative of -j**3/3 - 10*j**2 + 35*j - 1. What are the prime factors of c(r)?
5, 7
Suppose -32*l - 2*q - 8 = -35*l, 0 = 3*l - 4*q + 2. Let u(v) = 110*v + 11. What are the prime factors of u(l)?
11, 61
Suppose 16*s + 170 = 5*r + 11*s, -2*r + 72 = 2*s. Suppose r*n + 9680 = 43*n. What are the prime factors of n?
2, 5, 11
Let i(r) = 19*r - 268. Let x be i(15). Suppose x*y - 8179 = 4197. List the prime factors of y.
2, 7, 13
Let w(l) = 76*l**2 - 68*l - 2. List the prime factors of w(5).
2, 19, 41
Suppose 5*v - 132675 = -5*d, 855*v - 852*v - 79613 = -5*d. List the prime factors of v.
43, 617
Let d(t) be the third derivative of -t**6/120 + 230*t**3/3 - 61*t**2. List the prime factors of d(0).
2, 5, 23
Let c = -3523 - -19314. What are the prime factors of c?
15791
Let u(q) = -1477*q - 430. List the prime factors of u(-10).
2, 3, 5, 239
Let a(v) = 4*v**2 + 22*v - 2. Let d(k) = k**2 - 1. Let o(r) = -a(r) + 5*d(r). List the prime factors of o(-17).
2, 3, 5, 11
Let q(v) = -5*v**3 - 2*v**2 + v. Let n be q(1). Let s(z) = 3*z**2 - 1 + 2*z + 4 - 15. List the prime factors of s(n).
2, 3, 7
Suppose -55*f - 17*f = -1284665 + 228065. List the prime factors of f.
5, 587
Suppose -53*x + 5713812 = -33*x + 136*x. List the prime factors of x.
3, 29, 421
Let j be (-60)/(-2) - 3/(6/4). Let y be ((-11 - 0) + 1)/(-2). Let k = j + y. What are the prime factors of k?
3, 11
Let g(h) = -162*h + 783. List the prime factors of g(-25).
3, 179
Suppose 0 = -2*a - 5 - 35. Let t be (2 - (-32)/a)*(-95)/(-1). Let u = 93 + t. List the prime factors of u.
131
Let q be -10 + 9 - -2207 - (1 + -3). Suppose -q = 3*i - 19*i. What are the prime factors of i?
2, 3, 23
Let k(y) = 8*y**2 + 7*y + 8. Let t = 90 - 95. List the prime factors of k(t).
173
Let j = -31301 - -78579. What are the prime factors of j?
2, 7, 11, 307
Let a(s) = 20*s + 43. Let x be a(-2). What are the prime factors of (67/x)/(2 - (-101)/(-51))?
17, 67
Suppose -t + 37 = s, 4*t - 154 = 5*s - 7*s. Suppose -g - 72 = 3*g. List the prime factors of -2 - t/(-18) - 248/g.
2, 7
Suppose -6*o = -36*o. Suppose 0 = -5*h - 15, 3503 = 4*s - o*h + 3*h. List the prime factors of s.
2, 439
Suppose 5*m - 3*y - 12 - 7 = 0, -10 = m + 4*y. Suppose m*n - i = -125, -2*n - 103 = 3*i + 26. What are the prime factors of 3/(-7) + (-216)/n + 35?
2, 19
Let w = 1895 + 5638. What are the prime factors of w?
3, 31
Let t = 5026 + -4964. Suppose i - 178 = -3*y, -3*y + 7*y + 2*i - 240 = 0. Let g = y + t. List the prime factors of g.
2, 3, 5
Let k(s) = s**2 + 5*s + 155. Let m(l) = 2*l**2 + 3*l + 78. Let u(h) = -3*k(h) + 5*m(h). What are the prime factors of u(12)?
3, 311
Let h(v) = -15*v + 851. Let x be h(57). Let u = 2 - -14. What are the prime factors of x/u + (-213)/(-4)?
53
List the prime factors of 27376/(-128)*-116 - ((-10)/4 + 2).
2, 3, 5, 827
Let l(h) = -3*h**3 - 1 - 3*h**2 - 2*h + 4*h**3 + 4*h**2. What are the prime factors of l(7)?
13, 29
List the prime factors of (-6*1577/8)/(21/(-112)).
2, 19, 83
Let w(a) be the first derivative of 2*a**3/3 + 4*a**2 - a - 14. Let h be w(5). Let d = h - 33. What are the prime factors of d?
2, 7
Let u be (783/(-232))/(1/(-8)). Suppose -u*v + 19*v + 1096 = 0. What are the prime factors of v?
137
Let z = 34 - 15. Let j(b) = z - 3 - 1 - 15*b. What are the prime factors of j(-5)?
2, 3, 5
Let q = 132 + -8. What are the prime factors of q/(5*4/30)?
2, 3, 31
Let d(p) = 76690*p + 75. What are the prime factors of d(1)?
5, 13, 1181
Let r(k) be the first derivative of -k**3/3 - 30*k**2 - 49*k - 10. What are the prime factors of r(-46)?
5, 7, 17
Let n(t) = -t + 4. Let z be (16/(-4))/(-4) - 3. Let u be n(z). List the prime factors of (-140)/u*(18/10 - 3).
2, 7
Let c be 2/12 + (92245/30 - -3). Suppose 2*p + 576 = -i + 1595, -p = -3*i + c. Suppose 0 = 5*n + 4*s - i, 0*n + 5*s - 811 = -4*n. List the prime factors of n.
11, 19
Suppose 5*i = 16*s - 11*s + 201595, -3 = s. List the prime factors of i.
2, 10079
Let k(j) = -3*j + 29. Let n(b) = b. Let g(t) = -k(t) + 2*n(t). List the prime factors of g(26).
101
Let k(d) = 2*d**3 - 4*d**2 - 3*d + 6. Let x be k(2). Suppose x = -l + 886 - 284. What are the prime factors of l?
2, 7, 43
Suppose -i + 23 + 2308 = 0. Suppose 2*b = -4*u + 922, 9*u = 5*b + 6*u - i. What are the prime factors of b?
3, 5, 31
Suppose 0 = 3*s - s - 24. Suppose 2*f - 5*x + 306 = 0, 0 = -2*f - 15*x + 10*x - 286. List the prime factors of (s/8)/((-2)/f).
3, 37
Let q = -369 - -370. What are the prime factors of q*(618 - 1)/((-5)/(-5))?
617
Let n = 109 - 98. Let h = n + 48. Let f = 171 - h. What are the prime factors of f?
2, 7
Suppose 6 = -4*f - 2. Let s(c) = -9*c**2 - 193*c - 985. Let q be s(-5). List the prime factors of (-3)/(-6) + q/f.
3, 41
Let o(h) = -2 - 3*h + 4 + 18*h**2 + 3. Let j be o(5). Suppose -5*v + 0*d + j = 4*d, -2*d - 176 = -2*v. List the prime factors of v.
2, 11
Let b(u) = 2*u**3 + 72*u**2 - 29*u + 101. What are the prime factors of b(-16)?
5, 2161
Let y(f) = 3*f - 27. Let w be y(10). List the prime factors of w*(-2)/3 - -463.
461
Let a = -43362 + 47879. List the prime factors of a.
4517
Let b(n) = n**2 - 22. Let h(g) = g**2 - g - 21. Let z(m) = 7*b(m) - 6*h(m). List the prime factors of z(8).
2, 3, 7
Let j = -58 + 115. Suppose -1040 = -j*u + 55*u. List the prime factors of u.
2, 5, 13
Suppose 63 = -8*v + 39. Let k(f) = 40*f**2 + 2*f - 14. What are the prime factors of k(v)?
2, 5, 17
Suppose 1531 + 1199 = 14*w. Suppose -w = -9*c + 768. List the prime factors of c.
107
Let f(l) = -l**3 - 19*l**2 + 21*l + 26. Let g = 58 + -78. Let c be f(g). What are the prime factors of (-4)/c*(1 + (-310)/4)?
3, 17
Let m(n) = n**2 - 3*n - 40. Let b be m(8). Suppose b = -3*v + 124 - 103. What are the prime factors of v?
7
Let j(r) = -4*r - 7*r + 12*r - r**2 + 51 + 209. List the prime factors of j(0).
2, 5, 13
Suppose -6*r + 833 - 119 = 0. Let y = -120 + r. List the prime factors of (-1)/((-328)/324 - y).
3
Suppose 0 = -65*x + 17302 + 36087 + 87401. List the prime factors of x.
2, 3, 19
Let p(h) = 1331*h**2 + 442*h + 1763. What are the prime factors of p(-4)?
3, 47, 151
Let j(n) = 103*n**2 + 16*n + 3. Let z(m) = 308*m**2 + 48*m + 10. Let a(o) = 7*j(o) - 2*z(o). List the prime factors of a(2).
3, 151
Suppose -2*i + 1 = -f, 3*i + 5 = i + 3*f. Suppose 5*b - r - 702 = i*b, 2*r - 936 = -4*b. List the prime factors of b.
2, 3, 13
Let k(a) = -2*a - 9*a**2 + 29*a**3 + 26*a**3 + 0*a**2 - 56*a**3 - 27. What are the prime factors of k(-10)?
3, 31
Let j(d) = -898*d - 1430. What are the prime factors of j(-24)?
2, 10061
Let t be 0*(-3 + 5)*1/4. Suppose t = 20*s - 14*s - 792. List the prime factors of s.
2, 3, 11
Let s be 159/2*((-16)/12 - -2). Let g = 57 - s. Suppose g*p - 622 = 5*k,